 v(n) = -n**2 - 3*n + 2. Let o be v(r). Let p = -15 - o. Calculate the remainder when 66 is divided by p.
20
Suppose -3*j = 3*n - 39, -4*j + 57 - 19 = -3*n. What is the remainder when 3/2*110/11 is divided by j?
4
Let t = 13 - 33. Let u = 19 - t. Calculate the remainder when 116 is divided by u.
38
Suppose -2*n + 0*f + 25 = -3*f, -5*n + 5*f + 50 = 0. Suppose 3*i - 15 = -3. What is the remainder when n is divided by i?
1
Suppose -3*q - 2 = 4*o + 6, 3*q = o + 17. Suppose -q*n + 64 = -2*n. Calculate the remainder when 125 is divided by n.
29
Let r = -835 + 843. Calculate the remainder when 30 is divided by r.
6
Let l = 1513 - 1373. Calculate the remainder when l is divided by 29.
24
Let m(n) = 3*n**2 - 9*n + 2. Let i = -43 - -46. What is the remainder when 8 is divided by m(i)?
0
Let q be (-2 - -1)*2 - 36. Let u = 56 + q. Calculate the remainder when ((-484)/264)/(1/(-18)) is divided by u.
15
Suppose 4*p + 9 + 7 = 0, -4*p - 6 = -2*n. Let i(h) = h**3 + 6*h**2 + 2*h - 4. What is the remainder when 22 + (-2 - -1) + -1 is divided by i(n)?
9
Let r(o) = -o + 3. Let m be r(0). Suppose -m*q - 49 = -4*q. Suppose 0*w + w - 25 = 0. What is the remainder when q is divided by w?
24
Suppose 0 = 2*y - 5*y + 123. Suppose y = -4*d + 409. Suppose g + 3*g = d. What is the remainder when g is divided by 13?
10
What is the remainder when (11/4 - 1)/((-159)/(-3816)) is divided by 22?
20
Let n(m) = m**2 - 6*m - 2. Let z be n(5). What is the remainder when 25 is divided by z*(-2 + 12)/(-5)?
11
Let a = 10 + -7. What is the remainder when 24 is divided by -2 - ((-11 - 3) + a)?
6
What is the remainder when -565*1*161/(-115) is divided by 61?
59
Let v be (-342)/3*(-4)/6. Let m(h) = -h**3 + h - 18. Let i be m(0). Let f = i + v. Calculate the remainder when f is divided by 15.
13
Let a(q) = -2*q**3 + 5*q**2 - 6*q + 6. Let j be a(4). Let r = -35 - -1. Let c = r - j. Calculate the remainder when 63 is divided by c.
31
Let l = -11 - -218. Suppose -l = -5*s + 3. Let w = -3 + 12. Calculate the remainder when s is divided by w.
6
Let q = -383 + 394. What is the remainder when -18*(-2 + -1)*1 is divided by q?
10
Let t(h) = h**3 + 16*h**2 + 34*h - 18. Calculate the remainder when t(-12) is divided by 52.
46
Let w be 28/(-49) + (-18)/(-7). Suppose 0 = 3*b + 2*t - 31, -3*b - 3*t + 19 = 2*t. Suppose -w*l + 53 = -b. What is the remainder when l is divided by 17?
16
What is the remainder when 340 is divided by (4 - 85/25) + (-4616)/(-40)?
108
Suppose 314 = 27*l - 91. What is the remainder when 111 is divided by l?
6
Suppose -3*l = -6, -2*y + 5*l + 1 = 7. Suppose 2*c + w - 111 = 0, 0*c + y*c - 117 = -3*w. What is the remainder when c is divided by 15?
9
Let q = 554 + -510. What is the remainder when q is divided by 36?
8
Let o = -160 + 170. Suppose -22 = 4*m + 10. Let z = m - -46. Calculate the remainder when z is divided by o.
8
Let h = -127 - -90. Let x = -17 - h. Calculate the remainder when 79 is divided by x.
19
Suppose 36 = z + z. Let g be ((-1)/(-3) - (-5)/(-6))*10. What is the remainder when z is divided by 9 + g - (-12)/2?
8
Let m = 81 - 85. What is the remainder when 30 is divided by 4/((-3)/(-6)*m) - -18?
14
What is the remainder when 5/((-4)/(-70)*(-3)/(-6)) is divided by 65?
45
Let n = -42 + 46. Suppose -b + 5*b - 64 = 0. Calculate the remainder when b is divided by n.
0
Let w = -52 + 61. Calculate the remainder when (-6)/w*114/(-4) + 4 is divided by 7.
2
Let m = 119 - 39. Let a = 115 - m. What is the remainder when a is divided by 14?
7
Suppose 0*x - 25 = -5*x. Suppose -5*a = -4*c - 90, 3*a + 2*c + 19 = 73. Calculate the remainder when a is divided by x.
3
Suppose -19*k + 132 = -15*k. Calculate the remainder when 196 is divided by k.
31
Suppose 4*r + 3*l - 43 = 87, 0 = -5*r + 5*l + 180. What is the remainder when 101 + (-1)/(3*7/21) is divided by r?
32
Suppose -3*f = x - 76, 96 = -0*f + 3*f - 3*x. Calculate the remainder when (2 + -3)/(1/(-78)) is divided by f.
24
Let l = 44 + -35. Let z = l + 45. Calculate the remainder when z is divided by 28.
26
Let g(h) = 4*h**3 + h + 1. Let t be ((-3)/((-3)/2))/1. Suppose 5*v - 3*v = 4, s + 4*v - 17 = 0. Calculate the remainder when g(t) is divided by s.
8
Let n(a) be the first derivative of -a**2 + 2*a + 7. Calculate the remainder when 89 is divided by n(-8).
17
Let k = -448 + 757. What is the remainder when k is divided by 31?
30
Let p = 37 - 21. Let z be 1/(-2) + 99/18. Calculate the remainder when p is divided by (6/z)/(-2 + (-11)/(-5)).
4
Let f = -14 + 14. Suppose -2*q + q + 4 = f. Suppose p + 12 = 2*m, -q*p + 2*p = -2*m + 14. What is the remainder when 12 is divided by m?
2
Suppose 4*j - 28 = -3*o - 5, 0 = 3*j - o - 1. Let n(k) = 3 - 2*k - 8 + k + j*k. What is the remainder when n(6) is divided by 1?
0
Let t = 4 + 12. Suppose 0 = -5*q - 4*k + 137, 5*q - 5*k - 92 = 18. Let x = 35 - q. Calculate the remainder when t is divided by x.
6
Suppose 21*p + 572 = 25*p. Suppose 4*t - l = p, l - 172 = -5*t - 0*l. What is the remainder when t is divided by 8?
3
Suppose 22*z - 706 = 306. What is the remainder when 366 is divided by z?
44
Suppose -2*l - l + 30 = 0. Let p(u) = 11 - 2*u**2 + 5*u - 4*u + 3*u**2 + 6*u. Calculate the remainder when p(-8) is divided by l.
9
Let a = 47 + -23. What is the remainder when 4 + 96 + -2 + -5 is divided by a?
21
Let s(x) = -3*x - 34. Suppose -27 = -k - 17. Calculate the remainder when s(-21) is divided by k.
9
Let u(x) = x**3 + 9*x**2 - 4*x - 11. Let f be u(-9). Suppose -20*r = -f*r - 10. What is the remainder when 13 is divided by (2/(-1))/(-2) - r?
1
Suppose -3*d + 12 = 0, 0 = -2*x + d - 3 + 9. Suppose -3*n = -2*a + 15, -2*a + 5*n + 24 = a. What is the remainder when x is divided by a?
2
What is the remainder when 204 is divided by (-1)/(24/16)*-150?
4
Suppose 5*d - 5 = 0, 10*b + 13 = 13*b + d. Calculate the remainder when 14 is divided by b.
2
Let f(i) = 24*i - 113. What is the remainder when f(9) is divided by 26?
25
Let r(f) = -222*f - 6. Let b be r(-3). Suppose 9*o - b - 258 = 0. Calculate the remainder when o is divided by 53.
49
Let a be 4/10 + (-756)/(-60). Suppose -19 = a*p - 14*p. Calculate the remainder when 169 is divided by p.
17
Let t(r) = 20*r**2 - 5. Let h be t(2). Let x = -60 + h. Calculate the remainder when 86 is divided by x.
11
Suppose -2*o = -4*a + 94 + 38, -2*a = -3*o - 74. What is the remainder when 58 is divided by a?
27
Let b be (-1)/(2/156) + -1. Suppose -5*o + 578 = 2*v, -2*v + 122 = -0*o + o. Let g = b + o. Calculate the remainder when g is divided by 9.
8
Let w = 726 - 516. What is the remainder when w is divided by 66?
12
Suppose -90*j + 61*j + 3770 = 0. Calculate the remainder when j is divided by 47.
36
Suppose 50 = 6*q - 16. Let g be q*2 + (-15)/(-5). Suppose 4*d = -d + g. What is the remainder when 17 is divided by d?
2
Let g be -2 + -3 + -5 + 6. Let k = -8 - g. Calculate the remainder when ((-76)/(-1))/k*-1 is divided by 5.
4
Suppose -17*d + 20 = -12*d. Calculate the remainder when 89 is divided by d.
1
Suppose 369 - 137 = 8*d. What is the remainder when d is divided by -6*(8/3)/(-2)?
5
Let b(y) = -31 + y**2 - 5*y - 8*y + 8. What is the remainder when b(17) is divided by 18?
9
Calculate the remainder when (18 + -17)/((-2)/(-64 - 0) - 0) is divided by (-51)/(-4) + (-1)/(-4).
6
Let p = -1 - -5. Let r be p + -7 - (2 - -30). What is the remainder when 27 is divided by (r/(-20))/(2/8)?
6
Let g = 277 + -152. Calculate the remainder when g is divided by 64.
61
Let v(p) = -p**2 - 19*p + 28. What is the remainder when v(-10) is divided by 7?
6
Suppose 300 = 11*p - p. Suppose 4*i + p = 7*i. What is the remainder when 25 is divided by i?
5
Let o(m) = m**3 - 4*m**2 + 5*m + 1. What is the remainder when o(4) is divided by (-3 - 2)/(45/(-18))?
1
Suppose 3*y = 25 + 14. Calculate the remainder when y is divided by 20/16 + (-23)/(-4) - -1.
5
Let d = 14 - 6. Suppose 0 = -0*j - 3*j + 21. Suppose 12*l - j*l - 25 = 0. What is the remainder when d is divided by l?
3
Let y be (-1)/((-3)/(-4 - 14)). Let f = y + 10. Let a = -4 + 9. What is the remainder when a is divided by f?
1
Let c = -3 + 6. Let y(p) = p**2 - 17*p + 22. Let x be y(16). Suppose x*h = c*h + 63. What is the remainder when 81 is divided by h?
18
Suppose -15*q + 7*q + 480 = 0. What is the remainder when 15 is divided by ((-320)/